t of 1313521?
3
What is the ten thousands digit of 97666?
9
What is the thousands digit of 1876653?
6
What is the units digit of 55136?
6
What is the ten thousands digit of 344218?
4
What is the hundred thousands digit of 596314?
5
What is the tens digit of 151141?
4
What is the tens digit of 6399563?
6
What is the hundreds digit of 3062584?
5
What is the hundreds digit of 27708094?
0
What is the units digit of 12601172?
2
What is the hundreds digit of 7127912?
9
What is the tens digit of 1592080?
8
What is the thousands digit of 4242144?
2
What is the hundred thousands digit of 3394812?
3
What is the ten thousands digit of 7396837?
9
What is the millions digit of 14677601?
4
What is the thousands digit of 4318?
4
What is the tens digit of 37053543?
4
What is the units digit of 20799304?
4
What is the thousands digit of 4838523?
8
What is the tens digit of 9131411?
1
What is the thousands digit of 884626?
4
What is the hundreds digit of 3834259?
2
What is the thousands digit of 87522?
7
What is the thousands digit of 252278?
2
What is the ten millions digit of 18469189?
1
What is the thousands digit of 732949?
2
What is the hundred thousands digit of 6941252?
9
What is the ten thousands digit of 288696?
8
What is the hundred thousands digit of 27354228?
3
What is the tens digit of 15872088?
8
What is the units digit of 1553453?
3
What is the units digit of 194489?
9
What is the thousands digit of 140811?
0
What is the tens digit of 5949670?
7
What is the hundreds digit of 70112?
1
What is the tens digit of 114244?
4
What is the hundreds digit of 2773811?
8
What is the units digit of 37153442?
2
What is the units digit of 4723864?
4
What is the ten thousands digit of 1769200?
6
What is the ten thousands digit of 146787?
4
What is the tens digit of 34250084?
8
What is the hundreds digit of 98564?
5
What is the millions digit of 5551107?
5
What is the hundreds digit of 608181?
1
What is the ten thousands digit of 24066947?
6
What is the units digit of 1206115?
5
What is the units digit of 438393?
3
What is the hundred thousands digit of 127628?
1
What is the ten thousands digit of 846095?
4
What is the ten millions digit of 15823793?
1
What is the units digit of 663229?
9
What is the hundreds digit of 1546202?
2
What is the ten thousands digit of 4647025?
4
What is the ten millions digit of 28135140?
2
What is the units digit of 176585?
5
What is the hundreds digit of 1256289?
2
What is the millions digit of 13463231?
3
What is the tens digit of 3499650?
5
What is the tens digit of 58605?
0
What is the units digit of 23200?
0
What is the units digit of 4980104?
4
What is the hundreds digit of 3213303?
3
What is the tens digit of 8178580?
8
What is the tens digit of 2905243?
4
What is the units digit of 110287?
7
What is the thousands digit of 3179671?
9
What is the tens digit of 128735?
3
What is the millions digit of 2486101?
2
What is the tens digit of 2566637?
3
What is the thousands digit of 766448?
6
What is the units digit of 28742?
2
What is the ten millions digit of 25204387?
2
What is the hundreds digit of 150058?
0
What is the ten thousands digit of 517669?
1
What is the hundreds digit of 4772706?
7
What is the thousands digit of 24285367?
5
What is the ten thousands digit of 2608390?
0
What is the thousands digit of 12141095?
1
What is the ten thousands digit of 12392?
1
What is the units digit of 9054569?
9
What is the units digit of 2890216?
6
What is the millions digit of 2427576?
2
What is the thousands digit of 495993?
5
What is the ten millions digit of 12870516?
1
What is the units digit of 1017980?
0
What is the ten thousands digit of 11920282?
2
What is the thousands digit of 89835?
9
What is the hundreds digit of 1794439?
4
What is the units digit of 6461076?
6
What is the thousands digit of 68899?
8
What is the units digit of 2926415?
5
What is the thousands digit of 3145680?
5
What is the units digit of 580427?
7
What is the thousands digit of 214851?
4
What is the hundred thousands digit of 4050433?
0
What is the ten thousands digit of 360524?
6
What is the millions digit of 1308322?
1
What is the hundreds digit of 1136049?
0
What is the ten thousands digit of 60223?
6
What is the ten thousands digit of 3288494?
8
What is the thousands digit of 2529250?
9
What is the thousands digit of 988848?
8
What is the hundreds digit of 46503?
5
What is the ten thousands digit of 86531?
8
What is the ten thousands digit of 201474?
0
What is the units digit of 10681633?
3
What is the tens digit of 1953193?
9
What is the units digit of 583813?
3
What is the units digit of 2796473?
3
What is the hundreds digit of 17472?
4
What is the tens digit of 43982?
8
What is the millions digit of 2466293?
2
What is the tens digit of 1929846?
4
What is the hundred thousands digit of 225760?
2
What is the units digit of 3100354?
4
What is the hundreds digit of 3352688?
6
What is the ten thousands digit of 1531355?
3
What is the units digit of 340321?
1
What is the thousands digit of 3587863?
7
What is the hundreds digit of 161763?
7
What is the tens digit of 14180267?
6
What is the thousands digit of 714153?
4
What is the ten thousands digit of 807403?
0
What is the thousands digit of 237150?
7
What is the thousands digit of 9675050?
5
What is the units digit of 23743?
3
What is the hundreds digit of 1120004?
0
What is the tens digit of 122851?
5
What is the hundred thousands digit of 197875?
1
What is the units digit of 19153?
3
What is the tens digit of 858013?
1
What is the hundreds digit of 3562?
5
What is the units digit of 183988?
8
What is the hundreds digit of 15782609?
6
What is the hundreds digit of 21211739?
7
What is the hundred thousands digit of 959969?
9
What is the tens digit of 2281505?
0
What is the units digit of 816950?
0
What is the tens digit of 876557?
5
What is the hundreds digit of 8707399?
3
What is the hundred thousands digit of 13432943?
4
What is the ten thousands digit of 2922939?
2
What is the ten thousands digit of 7413025?
1
What is the ten thousands digit of 228309?
2
What is the ten thousands digit of 4629631?
2
What is the hundreds digit of 65066?
0
What is the hundred thousands digit of 102864?
1
What is the millions digit of 1203916?
1
What is the ten thousands digit of 31531?
3
What is the hundred thousands digit of 661690?
6
What is the hundreds digit of 5726079?
0
What is the ten thousands digit of 6191373?
9
What is the ten thousands digit of 187232?
8
What is the hundred thousands digit of 3307200?
3
What is the tens digit of 16927801?
0
What is the hundred thousands digit of 10025751?
0
What is the hundreds digit of 320010?
0
What is the ten thousands digit of 17544?
1
What is the ten thousands digit of 19237776?
3
What is the ten thousands digit of 6160282?
6
What is the hundreds digit of 604135?
1
What is the thousands digit of 232915?
2
What is the ten thousands digit of 116979?
1
What is the thousands digit of 3947418?
7
What is the hundreds digit of 54960?
9
What is the ten thousands digit of 20783856?
8
What is the units digit of 11760525?
5
What is the ten thousands digit of 5532218?
3
What is the units digit of 18409742?
2
What is the ten thousands digit of 224918?
2
What is the units digit of 5242443?
3
What is the millions digit of 1446518?
1
What is the units digit of 8831291?
1
What is the hundred thousands digit of 368030?
3
What is the hundreds digit of 86316?
3
What is the tens digit of 3044741?
4
What is the tens digit of 340532?
3
What is the ten thousands digit of 259139?
5
What is the tens digit of 20420580?
8
What is the tens digit of 5121989?
8
What is the tens digit of 4591934?
3
What is the hundreds digit of 105470?
4
What is the millions digit of 3537909?
3
What is the ten thousands digit of 1191629?
9
What is the units digit of 2754143?
3
What is the ten thousands digit of 567205?
6
What is the units digit of 7425?
5
What is the units digit of 16982?
2
What is the tens digit of 1187482?
8
What is the units digit of 11739558?
8
What is the units digit of 865531?
1
What is the millions digit of 1538960?
1
What is the thousands digit of 445984?
5
What is the tens digit of 562131?
3
What is the thousands digit of 768614?
8
What is the hundreds digit of 1190007?
0
What is the units 